hen 110842347 is divided by 3070.
3067
What is the remainder when 14622424 is divided by 819?
817
Calculate the remainder when 1011358 is divided by 21986.
2
What is the remainder when 30622630 is divided by 282?
250
What is the remainder when 139603 is divided by 2975?
2753
What is the remainder when 70768 is divided by 70498?
270
What is the remainder when 120731 is divided by 7541?
75
What is the remainder when 2399406 is divided by 133?
86
What is the remainder when 280087 is divided by 92892?
1411
What is the remainder when 174711 is divided by 34913?
146
Calculate the remainder when 26162 is divided by 26108.
54
Calculate the remainder when 19044 is divided by 1302.
816
What is the remainder when 1541125 is divided by 160?
5
What is the remainder when 10760864 is divided by 101516?
168
What is the remainder when 307475 is divided by 27842?
1213
Calculate the remainder when 4422893 is divided by 1153.
1138
Calculate the remainder when 76288574 is divided by 52.
50
What is the remainder when 3190985 is divided by 45?
35
Calculate the remainder when 130168 is divided by 5478.
4174
What is the remainder when 1703331857 is divided by 701?
698
Calculate the remainder when 184184569 is divided by 184184562.
7
What is the remainder when 50969229 is divided by 170?
169
Calculate the remainder when 43792513 is divided by 14597502.
7
Calculate the remainder when 92797 is divided by 7706.
325
Calculate the remainder when 340905 is divided by 24343.
103
Calculate the remainder when 39837338 is divided by 788.
786
Calculate the remainder when 5454118 is divided by 2114.
2112
What is the remainder when 13938906 is divided by 3484723?
14
Calculate the remainder when 564347 is divided by 4743.
4673
Calculate the remainder when 11222321 is divided by 25.
21
Calculate the remainder when 3921793 is divided by 112050.
43
What is the remainder when 10235666 is divided by 341182?
206
Calculate the remainder when 120557086 is divided by 717.
706
What is the remainder when 87635229 is divided by 1164?
1161
Calculate the remainder when 124040 is divided by 58406.
7228
What is the remainder when 7296428 is divided by 48?
44
What is the remainder when 41786490 is divided by 13928829?
3
Calculate the remainder when 238943 is divided by 1200.
143
Calculate the remainder when 47610 is divided by 23596.
418
What is the remainder when 8912506 is divided by 392?
386
What is the remainder when 1816829 is divided by 363364?
9
Calculate the remainder when 51213 is divided by 16363.
2124
Calculate the remainder when 17125907 is divided by 194.
169
Calculate the remainder when 52354 is divided by 455.
29
Calculate the remainder when 1080341 is divided by 153.
8
Calculate the remainder when 15675355 is divided by 398.
125
What is the remainder when 620250 is divided by 2256?
2106
What is the remainder when 5001600 is divided by 11?
10
Calculate the remainder when 635413 is divided by 4157.
3549
What is the remainder when 6571653 is divided by 357?
354
What is the remainder when 72654755 is divided by 141?
134
Calculate the remainder when 165130 is divided by 4608.
3850
What is the remainder when 884672 is divided by 203?
201
Calculate the remainder when 651993 is divided by 157.
129
Calculate the remainder when 17506600 is divided by 3501316.
20
What is the remainder when 1119658 is divided by 3199?
8
Calculate the remainder when 83601 is divided by 1261.
375
Calculate the remainder when 170192672 is divided by 8311.
14
Calculate the remainder when 14097044 is divided by 190.
184
Calculate the remainder when 41169119 is divided by 3448.
3447
What is the remainder when 4684122 is divided by 17609?
128
What is the remainder when 4513067 is divided by 270?
17
Calculate the remainder when 1380828 is divided by 106.
72
What is the remainder when 307072 is divided by 153478?
116
What is the remainder when 8161735 is divided by 627819?
88
Calculate the remainder when 2189012 is divided by 165.
122
Calculate the remainder when 9888702 is divided by 4010.
42
What is the remainder when 129524 is divided by 1364?
1308
What is the remainder when 58779009 is divided by 443?
440
Calculate the remainder when 225852 is divided by 7.
4
What is the remainder when 648954 is divided by 46341?
180
What is the remainder when 54279 is divided by 12912?
2631
What is the remainder when 9474679 is divided by 578?
103
What is the remainder when 59625 is divided by 11838?
435
What is the remainder when 16784396 is divided by 5594785?
41
Calculate the remainder when 3648 is divided by 911.
4
Calculate the remainder when 458266 is divided by 298.
240
Calculate the remainder when 26081182 is divided by 446.
440
What is the remainder when 218581 is divided by 3974?
11
Calculate the remainder when 520673 is divided by 74372.
69
Calculate the remainder when 792077 is divided by 857.
209
Calculate the remainder when 584662 is divided by 596.
582
What is the remainder when 894175 is divided by 17195?
35
What is the remainder when 3994309 is divided by 534?
523
What is the remainder when 45752255 is divided by 8?
7
Calculate the remainder when 1138432 is divided by 109.
36
Calculate the remainder when 356772 is divided by 4142.
560
Calculate the remainder when 205976 is divided by 18724.
12
Calculate the remainder when 4684709 is divided by 83.
23
What is the remainder when 27048142 is divided by 7768?
7734
Calculate the remainder when 9866 is divided by 4167.
1532
Calculate the remainder when 125069 is divided by 879.
251
Calculate the remainder when 14862545 is divided by 6387.
6383
Calculate the remainder when 75313 is divided by 2089.
109
What is the remainder when 25918 is divided by 12602?
714
Calculate the remainder when 12848259 is divided by 693.
39
What is the remainder when 721941 is divided by 12545?
6876
What is the remainder when 4255234 is divided by 152?
146
Calculate the remainder when 797667 is divided by 252.
87
What is the remainder when 492951 is divided by 42?
39
What is the remainder when 9814 is divided by 7655?
2159
What is the remainder when 137673748 is divided by 1765048?
4
Calculate the remainder when 4484019 is divided by 351.
345
What is the remainder when 9721734 is divided by 58919?
99
What is the remainder when 5407399 is divided by 5407390?
9
Calculate the remainder when 17848 is divided by 17739.
109
Calculate the remainder when 775 is divided by 334.
107
Calculate the remainder when 4987038 is divided by 949.
43
What is the remainder when 1837607 is divided by 68059?
14
What is the remainder when 214426 is divided by 53301?
1222
Calculate the remainder when 24222931 is divided by 812.
159
Calculate the remainder when 106758 is divided by 105819.
939
Calculate the remainder when 71247377 is divided by 130.
97
What is the remainder when 154519819 is divided by 182?
181
Calculate the remainder when 18565714 is divided by 1340.
14
Calculate the remainder when 45519937 is divided by 8.
1
Calculate the remainder when 17095444 is divided by 23943.
142
Calculate the remainder when 15933481 is divided by 2037.
67
What is the remainder when 15821 is divided by 5531?
4759
What is the remainder when 11698959 is divided by 130?
129
Calculate the remainder when 5818411 is divided by 5.
1
Calculate the remainder when 307588757 is divided by 8788250.
7
What is the remainder when 94708140 is divided by 167625?
15
Calculate the remainder when 74269 is divided by 18556.
45
Calculate the remainder when 20680006 is divided by 161.
39
Calculate the remainder when 6475976 is divided by 45.
26
Calculate the remainder when 476344510 is divided by 6489.
6487
Calculate the remainder when 6546582 is divided by 3939.
3903
What is the remainder when 7691967 is divided by 2792?
7
What is the remainder when 2220371 is divided by 1039?
28
What is the remainder when 212329 is divided by 80?
9
What is the remainder when 584550 is divided by 116900?
50
Calculate the remainder when 1603 is divided by 5.
3
Calculate the remainder when 196600 is divided by 49085.
260
What is the remainder when 4677676 is divided by 6809?
6702
Calculate the remainder when 61616 is divided by 529.
252
Calculate the remainder when 9972580 is divided by 11155.
10
What is the remainder when 10808938 is divided by 308826?
28
What is